 greatest common divisor of 658 and 755055.
329
What is the greatest common divisor of 5677232 and 1408?
176
Calculate the greatest common factor of 172 and 15050989.
43
Calculate the highest common factor of 26 and 50846.
2
Calculate the highest common divisor of 2777120 and 255.
85
What is the highest common factor of 1894004 and 32368?
476
What is the highest common factor of 2896113 and 1043?
149
What is the greatest common factor of 318913 and 3451?
203
What is the greatest common factor of 24379974 and 270?
54
Calculate the greatest common divisor of 518 and 24344446.
518
Calculate the highest common factor of 5100 and 24437585.
85
Calculate the greatest common divisor of 4255248 and 624.
48
Calculate the highest common divisor of 195826 and 191530.
358
Calculate the greatest common divisor of 168161 and 882.
7
What is the highest common factor of 60 and 66750720?
60
Calculate the highest common factor of 76835 and 5480.
5
Calculate the highest common divisor of 460332 and 2033.
19
Calculate the greatest common factor of 33669622 and 16126.
1466
Calculate the greatest common divisor of 627905 and 13175.
155
What is the highest common divisor of 3274232 and 1235?
247
What is the highest common factor of 15 and 2889322185?
15
Calculate the highest common divisor of 408 and 22424.
8
Calculate the highest common factor of 12495 and 439446651.
2499
What is the greatest common factor of 333806 and 8096?
22
What is the greatest common factor of 60539973 and 39?
39
Calculate the greatest common divisor of 150 and 7630125.
75
Calculate the highest common divisor of 500871 and 98141.
391
What is the greatest common factor of 4078832 and 104?
8
Calculate the highest common divisor of 866328 and 3198.
6
What is the highest common divisor of 44388527 and 41?
41
Calculate the highest common divisor of 16011 and 216162.
27
Calculate the greatest common factor of 173853 and 103880387.
6439
What is the highest common factor of 374143008 and 1876?
268
What is the highest common factor of 12460 and 244869260?
1780
Calculate the greatest common factor of 214 and 670877267.
107
Calculate the greatest common factor of 28546479 and 104208.
6513
Calculate the highest common divisor of 3159 and 6330393.
243
Calculate the greatest common divisor of 11237 and 13736.
17
Calculate the highest common factor of 106584 and 21048.
24
Calculate the highest common divisor of 8493 and 39720420.
447
Calculate the highest common divisor of 1737001 and 371.
7
What is the highest common divisor of 46374 and 1484361?
393
What is the highest common factor of 6078125 and 4279?
389
Calculate the greatest common factor of 84661 and 84336011.
2731
Calculate the highest common divisor of 9 and 209964204.
9
Calculate the greatest common factor of 3419 and 105462211.
263
What is the highest common factor of 15072 and 189221424?
7536
Calculate the highest common divisor of 4832 and 100960.
32
Calculate the greatest common divisor of 7485 and 2298105.
15
What is the greatest common factor of 1939 and 730172?
277
Calculate the greatest common divisor of 11641438 and 548.
274
What is the greatest common factor of 2 and 1038234?
2
What is the greatest common divisor of 4665711 and 5658?
69
What is the greatest common factor of 261191934 and 54?
18
What is the highest common divisor of 88 and 19432897?
11
Calculate the greatest common divisor of 80 and 676208144.
16
Calculate the highest common divisor of 8270 and 12982246.
1654
Calculate the highest common factor of 32053 and 6349868.
1687
What is the greatest common divisor of 1068 and 664029?
267
Calculate the highest common divisor of 202748048 and 1392.
464
Calculate the highest common factor of 110 and 13488134.
22
Calculate the highest common factor of 14 and 96565749.
7
Calculate the highest common factor of 5504 and 8477192.
344
What is the greatest common divisor of 405084969 and 324?
81
What is the highest common divisor of 328649409 and 9?
9
What is the greatest common divisor of 4789593 and 333?
9
What is the greatest common divisor of 16723 and 50057?
7
Calculate the greatest common divisor of 151940 and 2422052.
428
What is the highest common divisor of 8195915 and 645?
5
What is the greatest common factor of 35880 and 110640?
120
What is the greatest common factor of 1115972 and 140426?
286
Calculate the greatest common factor of 275924700 and 360.
180
What is the highest common divisor of 907154 and 9129?
17
Calculate the greatest common divisor of 90342 and 813330.
126
Calculate the greatest common divisor of 22742 and 545559.
83
What is the highest common factor of 1272 and 1544317392?
1272
What is the highest common factor of 6148 and 2728387?
53
What is the highest common divisor of 7380 and 1427005?
205
What is the highest common factor of 880317422 and 268?
134
Calculate the greatest common divisor of 13208716 and 1196.
92
What is the highest common divisor of 5911277 and 7771?
409
What is the highest common factor of 994156 and 19364?
412
What is the highest common factor of 158508206 and 1868?
934
Calculate the highest common factor of 74571 and 2837991.
159
Calculate the highest common divisor of 10 and 388226295.
5
What is the highest common factor of 178666 and 109586?
314
What is the highest common divisor of 19067022 and 594?
54
What is the highest common factor of 102651060 and 40?
20
What is the greatest common factor of 7381683 and 324?
9
Calculate the greatest common divisor of 1926 and 540738.
18
What is the highest common factor of 648 and 3329604?
36
Calculate the highest common factor of 3259308 and 98124.
2652
What is the greatest common divisor of 433 and 395074396?
433
Calculate the highest common divisor of 68 and 5279760.
4
What is the highest common factor of 6099 and 2190795?
57
What is the greatest common divisor of 572490 and 146250?
90
Calculate the greatest common factor of 41076990 and 16470.
270
Calculate the greatest common factor of 1406 and 11064517.
703
Calculate the greatest common factor of 422093303 and 2356.
589
What is the highest common divisor of 1393643 and 629?
17
What is the highest common divisor of 58223714 and 3777?
1259
Calculate the greatest common divisor of 29304 and 4158504.
2664
What is the highest common divisor of 4711 and 214014?
673
Calculate the greatest common factor of 204 and 367010484.
204
What is the greatest common divisor of 90 and 5581395?
45
What is the highest common divisor of 12 and 11588034?
6
Calculate the greatest common factor of 6001 and 45169.
17
Calculate the highest common divisor of 2750151 and 645.
129
What is the greatest common divisor of 51 and 130001601?
51
Calculate the highest common divisor of 1625 and 1826250.
125
What is the greatest common factor of 7344 and 6050232?
1224
What is the greatest common factor of 10406731 and 33263?
1147
What is the highest common factor of 205510408 and 388?
388
Calculate the highest common factor of 7780256 and 253.
253
Calculate the highest common factor of 1040 and 35209200.
1040
What is the greatest common divisor of 1119 and 3693073?
373
What is the highest common divisor of 13384800 and 5040?
720
Calculate the greatest common factor of 6307607 and 18827.
281
What is the highest common divisor of 479306560 and 59?
59
What is the highest common factor of 5648 and 3919977456?
5648
Calculate the highest common divisor of 745987 and 1241.
73
Calculate the highest common divisor of 20277 and 95377.
751
Calculate the greatest common divisor of 15026862 and 2562.
366
Calculate the highest common factor of 3700 and 97183904.
148
What is the greatest common factor of 75 and 3001785?
15
What is the highest common divisor of 17 and 242452997?
17
Calculate the highest common factor of 1876672 and 6776.
56
Calculate the highest common factor of 1664 and 43601024.
128
What is the highest common factor of 37148 and 6205724?
1004
Calculate the greatest common factor of 45867768 and 23340.
4668
What is the highest common factor of 1198519942 and 298?
298
Calculate the greatest common divisor of 1723765490 and 85.
85
What is the greatest common divisor of 991488 and 1728?
192
What is the highest common divisor of 13185334 and 105066?
898
Calculate the highest common divisor of 193620 and 518700.
420
Calculate 